
Let m(w) = w**3 + 2*w**2 + 2*w + 3. Suppose 6*f - 13 + 1 = 0. Suppose 2*r - 10 = 0, -2*c - f*c = -4*r - 188. Let t = c - 54. What is m(t)?
-1
Let b(j) = -7*j**2 - j. Suppose 177 = -4*z - 2*u + u, 3 = -3*u. Let y = z + 82. Let m = -39 + y. Determine b(m).
-6
Let l(z) = 15*z**2 + 80*z + 128. Let q(c) = 2*c**2 + 6*c - 10. Let r(m) = l(m) - 7*q(m). What is r(-6)?
6
Let a(n) = n**3 - 541*n**2 - 14 + 9*n - 537*n**2 + 1090*n**2. Let z(v) = 2*v**3 - 10*v**2 - v - 6. Let m be z(5). Give a(m).
8
Let o(u) = 3*u + 5. Suppose -3*t = -3*i + 237, -3*i + 46 = 3*t - 179. Suppose 8*j - i = j. Suppose -2*z - 2 = 3*x + j, -3*x = -5*z - 43. Give o(z).
-19
Let p(s) = 5 - s - 3 + 6 + 2*s. Let b(r) be the first derivative of 3*r**2/2 + 23*r + 4. Let z(c) = 6*b(c) - 17*p(c). What is z(-7)?
-5
Let a = 452 - 454. Let p(o) = 2*o**2 + 2*o - 1. What is p(a)?
3
Let f(m) = 5*m**2 + 12*m + 2. Let c(d) = -2*d**2 - 2*d - 5. Let s(t) = 3*c(t) + f(t). What is s(9)?
-40
Let d(p) = 2*p**2 - p. Let m(u) = u**2 - 46*u - 198. Let q be m(-4). What is d(q)?
6
Let f = -32 + 13. Let d = f - -27. Suppose 12 = -d*a - 4. Let u(g) = 3*g + 3. Calculate u(a).
-3
Let i(w) be the third derivative of w**6/120 + w**5/10 - 3*w**4/4 - 5*w**3/3 - 174*w**2 - 8*w. Calculate i(-7).
67
Let v(w) = w**3 + 12*w**2 + 21*w + 14. Let f be v(-10). Suppose 5*s = f*d + 88, 0 = -s - 0*d - d + 23. Let p(b) = 16 - s + 13*b + 5. Give p(-1).
-12
Let y = -20 + 23. Suppose y*z - b + 4 = -6*b, 0 = -4*z - b + 23. Let o(g) = -23179*g - 6 + 23171*g - 2 + g**2 + 2. Calculate o(z).
-13
Let d(v) be the second derivative of v**5/20 + 5*v**4/12 - v**3/6 - 2*v**2 - 4*v - 164. Calculate d(-5).
1
Let b(l) be the second derivative of -l**3/2 + l**2 - 36*l. Suppose -34*t - 9*t - 258 = 0. What is b(t)?
20
Let p(z) be the second derivative of -z**2 + 0 + 5/6*z**3 - 9*z. Determine p(-7).
-37
Let l(h) = 2*h**3 - 17*h**2 - 6*h - 8. Suppose -39*s + 237 + 114 = 0. What is l(s)?
19
Let d(z) = z**3 - 52*z**2 + 110*z - 496. Let c be d(50). Let k(v) be the third derivative of -v**5/30 + v**4/4 + 17*v**2. What is k(c)?
-8
Let m = -12211/2 + 6107. Let s(r) be the first derivative of m*r**2 - 28 - 1/3*r**3 - r. Calculate s(5).
-11
Let a(z) = -11*z - 11. Suppose 102*t + 267 = 216 - 969. Calculate a(t).
99
Let s(m) = 34*m**3 + 4*m + 1. Let p be s(-3). Let o = p - -930. Let q(i) = -3 + 1 + 4*i + 3. Calculate q(o).
5
Let l(j) = -3*j**2 + 7*j - 11. Let v be 240/(-45) + 6 + 21/9. Determine l(v).
-17
Let g(f) = -2*f**2 + 21*f + 13. Let v = -20 - -31. Let d be g(v). Let n(y) = d*y - 6 + 3*y + 2*y**2 - y**2 + 0*y**2. Calculate n(-6).
0
Let w(v) be the third derivative of v**8/6720 + v**7/1260 + v**5/30 - 13*v**4/8 - 7*v**2 + 1. Let u(d) be the second derivative of w(d). What is u(-3)?
-5
Let a(q) = -q**3 - 11*q**2 + 7*q - 21. Let f be a(-12). Let r(g) = -g**2 + 2*g**3 - 16 - 21 + f. What is r(2)?
14
Let a(w) = -w**3 + 2*w**2 + 12*w - 35. Let y(s) = 2*s**3 - s**2 - 31*s + 37. Let g(l) = -3*a(l) - 2*y(l). Determine g(-7).
-4
Let n = 0 - -6. Let a(g) = 4*g - 8. Let r(s) = -s**3 - 10*s**2 + 2. Let q be r(-10). Let o(d) = 17*d - 34. Let b(l) = q*o(l) - 9*a(l). Calculate b(n).
-8
Suppose 16*v - 14*v + 5*w + 42 = 0, 0 = -3*v + 5*w - 13. Let o(c) be the first derivative of 15*c - 5*c**2 + 6 - 1/3*c**3. Determine o(v).
4
Let t = -360 - -395. Let l be (-2)/(3 + t/(-15)). Let d(c) = c**3 + 3*c**2 - 4*c - 2. Calculate d(l).
10
Let y(b) be the first derivative of b**2/2 - 21*b + 1667. What is y(-5)?
-26
Let k(u) = u**3 - 22*u**2 + 28*u - 170. Let s be k(21). Let p(v) = v + 65. What is p(s)?
42
Let d(y) = y**3 + y**2 + y + 1. Let h(m) = 3*m**3 - 5*m**2 + 9*m - 3. Let c(u) = 2*d(u) - h(u). Let j = -39 - -62. Let s = -17 + j. What is c(s)?
-1
Let o = -4731 + 4729. Let h(u) = 8*u + 3. Calculate h(o).
-13
Let o be 59/(-3) + (-36)/(-54). Let b(i) = -i**3 - 21*i**2 - 37*i + 14. Let y be b(o). Let f(q) = 2*q + 0*q - 4 - 3 + 2. Determine f(y).
-15
Let o be 5 - 8 - (0 - 6). Let z = o + -13. Let t(q) = 2*q. Let j(x) = x. Let m(s) = -5*j(s) + 3*t(s). Give m(z).
-10
Let a(m) be the second derivative of m**4/12 - 7*m**3/6 + 4*m**2 + 195*m + 32. Let o(p) = p**3 + 5*p**2 - 6*p + 7. Let l be o(-6). Calculate a(l).
8
Let v(t) = -t**2 + 5*t + 6. Let k be v(6). Let f(x) = -8*x**2 + 8*x + 5. Let p(g) = -3*g**2 + 3*g + 2. Let z = -44 - -33. Let u(s) = z*p(s) + 4*f(s). Give u(k).
-2
Let l(j) = 2*j**3 - j - 4. Let o = -323 - -327. Suppose -4*i - 10 = 5*u, 7*i - o = 2*u + 4*i. What is l(u)?
-18
Let n(d) = 3*d. Let j(s) = -s**2 + 9*s - 5. Let b be ((-6 - -12) + -2)/(2/4). Let a be j(b). Suppose -5*o = -5*w + 2 + a, -o + 3 = w. What is n(o)?
3
Let s(n) = 1305*n + 1 - 2 - 2 - 1310*n. Suppose -1 = -3*y - 10. Give s(y).
12
Let m(b) = b**3 + 14*b**2 + b - 13. Let v(j) = -24*j + 322. Let f be v(14). What is m(f)?
-27
Let y(z) = -z + 1. Let l(a) = -10*a - 14 + 13 + 4 + 17*a + 3*a**2. Let x(i) = l(i) - 3*y(i). What is x(-3)?
-3
Let u(x) = 8*x - 27 + 50108*x**2 - x**3 - 50098*x**2 + 3*x. What is u(11)?
-27
Let v be (-12)/9*(-6174)/28. Let l = 284 - v. Let p(x) = x**3 + 10*x**2 - 4*x - 13. Give p(l).
27
Suppose -30*h + 11*h = -570. Suppose -21*o - 18 = -h*o. Let u(v) = -v**2 - 2*v + 1. Calculate u(o).
-7
Let n = 28019 - 28024. Let b(o) = o**2 + 2*o + 10. Give b(n).
25
Let g(c) = -3*c - 3*c + 9*c + 96 - 98. What is g(-8)?
-26
Let o(j) = -j**3 + 13*j**2 - 11*j + 3. Let g be o(12). Suppose 10*k = 5 + g. Let n(d) = 8 - 8 + d**3 + d - 3*d**k - 2. Determine n(3).
1
Let s(r) = -17*r - 66. Let m(w) = -2*w**3 - 126*w**2 + 266*w + 388. Let n be m(-65). Calculate s(n).
-32
Let p(x) = x**3 + 6*x**2 + 10*x**2 + 41034*x + 13*x**2 - 23*x**2 - 41049*x - 102. Calculate p(-5).
-2
Let u(q) = 2*q - 11. Suppose 0 = 4*a, -9 - 2 = -y + 5*a - 2. Calculate u(y).
7
Let c(b) = -1 - 2*b - 2 - b**2 - 3 + 0 + 1. Suppose q - 7 = -10. Give c(q).
-8
Let b(q) = -5*q**2 - 51*q - 3. Let p be 3344/(-374) + 32/(-544). What is b(p)?
51
Let f(t) = t - 3. Let w(l) = 2*l - 19. Let x be w(9). Determine f(x).
-4
Let j(w) = -3*w**3 - 2280192*w + 2280170*w + 2*w**3 - 2*w**3 - 12 + 16*w**2 + 4*w**3. Give j(-17).
73
Let c(a) be the first derivative of -a**4/4 - 10*a**3/3 - 4*a**2 - 5*a + 2. Let r = -35165 - -35156. Calculate c(r).
-14
Suppose 584*j - 615*j + 186 = 0. Let f(c) be the first derivative of 2*c**2 - 9*c + 1. Calculate f(j).
15
Let k(g) = 189*g - 9*g**2 - 365*g + 187*g - 1 - g**3 - 3*g**2. What is k(-13)?
25
Let u(g) = 15*g**3 - 3*g**2 - 22*g + 7. Let l(b) = -13*b**3 + 4*b**2 + 21*b - 11. Let n(s) = -7*l(s) - 6*u(s). Determine n(11).
-9
Let w(z) = 12*z**2 - 12*z + 6. Let n be w(1). Let g(j) = -3*j + 6 - 22 + 17 + 10. What is g(n)?
-7
Let k = 32 + -28. Let z(h) = h**3 - 6*h + 1. Let a be z(k). Let w = a - 33. Let m(j) = -2*j + 12. Calculate m(w).
-4
Suppose -4*w - 3*b - 7 = -19, -w + 3*b = -18. Let y(h) = -w*h + 0*h - h + 3 + 6*h. Suppose 2*q = -3*l + 8, -2*q + 4*l + 36 = 2*q. Give y(q).
-4
Suppose -2*j - 3*z = -66, -5*z + 2*z + 120 = 4*j. Let i(m) = j + 22 + 3*m - 21 - 1. Give i(-9).
0
Let x be 1*(-2)/(-2)*6. Let r(v) = -14*v + 2. Let u(z) = 16 - 15 - 3 + 22*z. Let p(h) = 8*r(h) + 5*u(h). What is p(x)?
-6
Let t = 402 + -405. Suppose 0 = 4*c + 3*z - 17, 2*c - 2*z = z + 31. Let d = t + c. Let r(u) = -u**3 + 6*u**2 - 7*u + 3. Determine r(d).
-7
Let r(d) = -d**3 + 8*d**2 - 7*d + 5. Suppose 21 = -458*u + 465*u. Suppose 4*p = -3*c + 23, -2*p + 14 = -u*c + 5*c. Calculate r(c).
45
Suppose 0 = 8*p + 7938 - 8010. Let r(i) = -i**2 + 10*i - 7. Determine r(p).
2
Suppose 49 = -7*a + 42. Let h(n) = -21*n - 16. Let t be h(a). Let u(k) = k**3 - 4*k**2 - 7*k + 7. Give u(t).
-3
Let s(t) = -139*t**2 + t - 2*t + 171*t**2 + 1 + 2*t. Suppose -33 = 44*m + 11. Determine s(m).
32
Let t(d) = -d**3 - 6*d**2 + d - 3. Let z be (14/(-4))/(5/(-10)). Suppose -17 = 8*l - z*l. Let k = l + 11. What is t(k)?
-9
Let i(l) = l**2. Let b(w) = w**2 + 10*w + 23. Let a be b(0). Suppose 0 = -a*q + 30*q. What is i(q)?
0
Let h(x) = -6*x**2 - 36*x + 1. Suppose 6*k - 99 + 135 = 0. Calculate h(k).
1
Let k(b) = b**3 + 9*b**2 + 9*b + 8. Let s be k(-8). Suppose -p + s*p = -2. Let m(r) = 636 + p*r + r**2 - 635 + 4*r. Calculate m(-3).
-8
Let x(s) = -5*s - 8. Let v = 14 + -8. Let j(y) = 1. Let w = -107 - -108. Let g(i) = v*j(i) + w*x(i). Give g(-2).
8
Let o be 5*(5 + 1 + (-43)/5). Let t(c) 